(-3).
-4
Let u(s) = -34*s**2 + 29*s - 61. Let l(j) = -15*j**2 + 14*j - 30. Let d(i) = 7*l(i) - 3*u(i). Calculate d(5).
-47
Let s be (19/38)/((-2)/(-8)). Let a be (-1308)/(-36) - s/6. Suppose -4*n + 4 = a. Let i(v) = v + 3. Determine i(n).
-5
Let b = 109 + -107. Suppose -b*g + d + 3 = 6, 3*d + 23 = -2*g. Let a(v) = -v**3 + v**2 - 3 - 4*v**2 + 9*v - v - 3*v. What is a(g)?
-7
Let p(t) = 7*t**3 - 3*t**2 + t - 7. Let m(r) = 2*r**3 - 2*r**2 - 3. Let n(u) = -4*m(u) + p(u). What is n(6)?
-25
Let l(q) = 1 + 4*q**3 - 13*q**3 + 10*q**3 + 3 - 15*q + 2*q**2. Let o be -6*(1 + 0) - -1. Let g be l(o). Let k(a) = a**2 - 7*a + 6. Calculate k(g).
-6
Suppose 6*x = x + 45. Let d(j) be the first derivative of -j**2/2 + 2*j - 968. Give d(x).
-7
Let c(v) be the first derivative of -17*v + 2*v**3 + 9/2*v**2 - 1/4*v**4 + 22. What is c(7)?
-3
Let c(v) = 5*v + 1. Suppose 4*a = 2*a + 3*l + 130, 468 = 7*a - 4*l. Let z(j) = -14*j + 1. Let t be z(5). Let p = a + t. Give c(p).
-4
Let z(d) = -d**2 + 5*d - 4. Let f(u) = -2*u**2 + 9*u - 9. Let a(x) = 4*f(x) - 9*z(x). Let r(h) = h**2 - 3954*h - 59527. Let s be r(-15). Determine a(s).
-8
Let q(v) = -5*v**3 - 10*v**2 - 6*v + 1. Let j(r) = -22*r**3 - 39*r**2 - 22*r + 6. Let z(x) = 2*j(x) - 9*q(x). Give z(-11).
14
Let z(g) = g**2 - 21*g - 12. Let a be (27/2 - (9 - 4) - 0)*2. Calculate z(a).
-80
Suppose -18*p - 75 = -21. Let n(x) = -2*x + x - 8 + 9. Calculate n(p).
4
Let o(s) = -s**2 - 5*s. Let t be o(0). Let p(k) = -33*k**2 - 19 + 36 - k**3 + k + 32*k**2. Determine p(t).
17
Let r(u) = -7*u + 3. Let g(c) = 38*c - 14. Let l(y) = 2*g(y) + 11*r(y). Suppose 5*z = -2*t - 52, -2*t - 4*z - 64 = -16. Let j = t - -22. Calculate l(j).
-1
Let q(l) = l**3 + l - 4. Let y(o) be the second derivative of -7*o**3/6 - 119*o**2/2 + 78*o. Let s be y(-17). Calculate q(s).
-4
Let o = -243 - -237. Let m be (90/(-12) - o)/(3/(-2)). Let z(r) = 3*r + 1 - 5*r + r. What is z(m)?
0
Let h(g) = -g**2 - 11*g - 28. Let t = -17640 - -17634. What is h(t)?
2
Let r(k) = 5*k**2 + 102*k + 139. Let p be r(-19). Let u(c) = c**3 - 8*c**2 + 10*c - 7. Calculate u(p).
-19
Let w(s) = -3*s + 17. Let d be 40/(-50)*60/(-8). Determine w(d).
-1
Let x = -50 + 62. Let a(l) = -3 - x*l**2 - 7*l**2 - 5*l - 7*l**2 + 27*l**2. What is a(3)?
-9
Let y(a) be the second derivative of 29*a**5/10 + a**4/6 + a**3/2 + a**2 + 8805*a. Determine y(-1).
-57
Let c(m) = 748 - 245 - m - 241 - 271. Calculate c(13).
-22
Let f(k) = 1. Let x = 5 - 0. Let l(o) = -18*o - 24*o + x + 36*o. Let p(r) = 6*f(r) - l(r). Calculate p(3).
19
Let m(l) = -4*l**2 + 12*l + 5*l + 3*l**2 + 5. Let q(b) = b**2 + 30*b - 383. Let z be q(10). Determine m(z).
5
Suppose -71 = -7*f - 99. Let p = -9 + 13. Let r(o) = 0 - 4 + 9 + p*o. What is r(f)?
-11
Suppose -2*b - 6 = -5*f + b, 3*f + 10 = -5*b. Suppose f*a = -2*a. Let h(m) = -14 - 5 - 9 + 26 + m. Calculate h(a).
-2
Let j(p) = -4*p**3 + 2*p**2 - 5*p. Let q(m) = 9*m**3 - 3*m**2 + 11*m - 1. Let b(v) = 7*j(v) + 3*q(v). Let x be 48/(-4)*89/(-356). Give b(x).
9
Let z(g) = g**3 - 3*g**2 - 2*g. Let j = -37 - -39. Suppose 3*c + 21 = 3*i, j*c = -3*i + 2*i - 2. Give z(i).
8
Let h(s) be the third derivative of -s**8/20160 - s**7/630 + 19*s**5/60 - 3*s**2 - 1. Let i(y) be the third derivative of h(y). What is i(-7)?
7
Let p(y) = 2*y - 1 - 23*y**2 + 22*y**2 + y - 3*y. Let c(i) = 9*i**2 - 2*i + 8. Let d be 4*(-4)/((-8)/(-3)). Let j(h) = d*p(h) - c(h). Give j(3).
-23
Let z(d) = d**2 + 14*d - 18. Let s be z(-16). Suppose -47 = -s*w + 23. Let g(v) = -v**3 + 4*v**2 + 6*v - 5. Calculate g(w).
0
Let n(g) = 6*g + 333. Let h = 7042 + -7096. Give n(h).
9
Suppose -2*h - h = 6. Let v(d) = -3*d**3 - 4*d**2 - 3*d - 1. Let u = 268 + -269. Let r(k) = 2*k**3. Let c(f) = u*r(f) - v(f). Calculate c(h).
3
Let f(q) = -q**2. Let j be 3 + (-150)/54 - 32/(-18). Suppose -4*h + 20 = -j*r, h = r + 4*h - 10. Give f(r).
-4
Let k(h) be the first derivative of h**4/4 + h**3/3 + h**2 + h + 8. Let q = -2613 + 2611. Calculate k(q).
-7
Let s(g) = 11*g + 16. Let u(z) = z - 1. Let b(i) = s(i) + 2*u(i). Let t(o) = -11*o - 13. Let y(a) = 4*b(a) + 5*t(a). What is y(-6)?
9
Let u(a) = a**3 + 15*a**2 + a + 7. Let x = -5174 + 5159. Give u(x).
-8
Let u(j) = 2*j + 29. Suppose 0 = -3*s + 2*l - 46, -24*l + 21*l + 27 = -s. Calculate u(s).
5
Let l(s) = -9*s - 8. Let f(b) = 5*b + 4. Let p(n) = -11*f(n) - 6*l(n). Let v be 1/(-10) + (-43888)/(-2080) + -27. Calculate p(v).
10
Let s(d) be the third derivative of -6*d**2 - 1/12*d**4 + 0 + 0*d + 7/60*d**5 - 2/3*d**3 - 1/120*d**6. Calculate s(6).
20
Let m(h) be the third derivative of 0*h + 1/24*h**4 + 1/2*h**3 - 1/30*h**5 + 169*h**2 + 0. Determine m(3).
-12
Let x(v) = -11*v**3 - 5*v**2 + 20*v - 22. Let i(o) = o**3 - o**2 - 2*o + 2. Let q(t) = 10*i(t) + x(t). Give q(-15).
-2
Let w be 58/(-1) + (-12)/(-3). Let c = 58 + w. Let a(v) = c - 2*v**2 + 3*v**2 - 2*v - 5*v. Determine a(5).
-6
Let h(b) be the second derivative of -1/2*b**3 + 2 - 2*b**2 - 20*b. Let y be (5/(1 - 0))/(-1). What is h(y)?
11
Suppose 0 = -5*s + 5*p - 6*p - 33, -4*s - 33 = 3*p. Let f(g) = 7*g + 28. Give f(s).
-14
Let h(d) = -3*d**2 + 3*d + 10. Let i(y) = 4*y**2 - 3*y - 11. Let o(s) = 5*h(s) + 4*i(s). Let a be (-846)/96 + 6 + (-369)/1968. Determine o(a).
6
Let b be -3 - ((-4)/(-4) - 0*(-1)/(-2)). Let i(h) = h**3 + 5*h**2 + 10*h. Give i(b).
-24
Let z = 3493 + -3457. Let u(n) = -2*n**2 + 71*n + 44. Calculate u(z).
8
Let f(k) be the third derivative of k**5/30 - 5*k**4/8 - 3*k**3/2 + 1293*k**2. Give f(8).
-1
Let w be 0/4 - 7 - -9. Let x(c) = 10*c + 20. Let h(b) = 3*b + 5. Let d(k) = w*x(k) - 7*h(k). Give d(-5).
10
Suppose 14*x + 12 = 13*x. Let l(y) = y**3 + 11*y**2 - 14*y - 19. Let w be l(x). Let k(f) = -5 + w*f**2 - 6*f**2 + 3 - 7. Calculate k(0).
-9
Let p(x) = -10*x**2 - 15 - 16*x**2 - x**2 + x + 27*x**2 + 5*x**2 + x**3. Determine p(0).
-15
Let g(w) be the second derivative of -5*w**4/12 + 61*w**3/6 - 9*w**2 + 1339*w. What is g(12)?
-6
Let c be 35/10*(-72)/(-84). Let k(x) = 8*x + 8*x + c*x + x - 25*x - 34. Determine k(-8).
6
Let h(u) = u**2 + 15*u + 28. Let k be h(-13). Suppose 6*c + k = 8. Let p(n) = c - 196*n**2 + n**3 + 91*n**2 + 100*n**2. Calculate p(2).
-11
Let o(n) = n**3 - 7*n**2 + 3. Let l = 9 - -43. Suppose 4*p - 9 = -189. Let w = l + p. What is o(w)?
3
Let q be (-12)/210*-7 + 36/10. Suppose 29*k - 26*k = 0. Let n(z) = k*z - q*z - 606 + 603. Calculate n(-2).
5
Let a(v) = 10 - 13 + 7 + v**2 + 17*v. Let u be a(-17). Let y(t) = 52*t + 20. Let h(l) = -32*l - 13. Let j(r) = 8*h(r) + 5*y(r). Determine j(u).
12
Let q(i) = -13*i**2 - 194*i - 289. Let j(m) = -6*m**2 - 97*m - 114. Let w(a) = -7*j(a) + 3*q(a). What is w(-33)?
-3
Let l(b) be the first derivative of -b**3 + 13*b - 89. Let q(j) = -j**2 - j + 7. Let p(g) = -2*l(g) + 5*q(g). Calculate p(7).
23
Let h(y) be the second derivative of y**5/10 + 2*y**4/3 - y**3/6 - 9*y**2/2 - 2*y. Let l = -239932 - -239928. Give h(l).
-5
Let t(n) = n - 8. Suppose -120 = -8*x - 7*x. Suppose -r = 3*q - 8, -3*r + 2*r - x = -q. Determine t(q).
-4
Let k(d) = -d**2 + 3 - 2 - d**3 - 2*d**2. Let i be k(-2). Let s(l) = l**2 - 23*l + 1. Let a(r) = -5*r**2 + 67*r - 5. Let c(b) = a(b) + 3*s(b). Determine c(i).
-14
Let s(c) = 73*c**2 - 4*c + 0 - 15 - 71*c**2 - 47 + 21. Calculate s(6).
7
Let k(p) be the second derivative of p**3/6 + 17*p**2/2 - 21*p. Let o be k(3). Let h = 20 - o. Let n(r) = -r**2 + r + 2. Determine n(h).
2
Let z(a) = a**2 - 2*a + 3. Let m be 6/27 + (-101)/9. Suppose 9 = h - 4. Let v = h + m. Give z(v).
3
Let c(s) = -4*s - 10 - 12 - s**2 - 5 - 18*s**3 + 26. Determine c(-2).
147
Let m(x) = -2*x**2 - 19*x - 13. Suppose -553*t = 378*t - 339*t + 4736. Give m(t).
11
Let t(p) = p**2 + 2*p + 5. Let q(b) = -5*b**2 - 16*b - 8. Let x(n) = -q(n) - 3*t(n). Determine x(5).
93
Let g(u) = -9*u**2 + u. Let d be (12 + 2)*2*1. Suppose 23*t - 5 = -d. What is g(t)?
-10
Let t(y) = 48*y - 135*y + 44*y - 16 + 44*y. Let g(s) = -s**3 - 21*s**2 - 44*s - 96. Let z be g(-19). Determine t(z).
2
Let w(p) be the first derivative of 12*p + 6 - 11/2*p**2 - 1/6*p**3. Let q(g) be the first derivative of w(g). Determine q(-6).
-5
Suppose 0*i + 9 = -3*i. Let y(w) = -5*w - 749*w**2 + 2992*w**2 - 741*w**2 - 762*w**2 - 741*w**2 - 2. Give y(i).
4
Let q(y) = -5*y**3 - y**2 - 4*y - 4. Let f(p) = -4*p**3 - p**2 - 3*p - 3. Let k(a) = 6*f(a) -